, 13
Let o = -927 - -972. What are the prime factors of o?
3, 5
Let d = 20 - 1. Let k(u) = 9*u - 23. List the prime factors of k(d).
2, 37
Let h = 28 + -25. Suppose -3*o + 96 = -h*v, -4*o + 131 = -2*v - v. List the prime factors of o.
5, 7
Let i = 3 - -3. Let a(t) = -5*t**2 - 2*t - 4. Let x(j) = j**2 + 1. Let l(y) = a(y) + 6*x(y). What are the prime factors of l(i)?
2, 13
Let x = -15 - -20. Suppose -x*m - 238 = -4*r, -5*m + 161 = 2*r + r. What are the prime factors of r?
3, 19
Let j be (12/(-10))/((4/4)/160). Let h = j + 333. List the prime factors of h.
3, 47
Let v(t) = t**3 - 4*t**2 - 4*t + 9. Suppose 9*m = -0*m + 54. List the prime factors of v(m).
3, 19
Let r = -23 + 30. Let z(v) = 7*v - 1. List the prime factors of z(r).
2, 3
Let n(j) = j**2 + 9*j + 2. Let w be n(-8). Let m(q) = -7*q + 25. List the prime factors of m(w).
67
Let s(m) = 22*m**2 + 30*m + 102. What are the prime factors of s(15)?
2, 3, 7, 131
Suppose -852 - 1983 = -3*n. What are the prime factors of n?
3, 5, 7
Let s = 399 - 385. List the prime factors of s.
2, 7
Suppose 2 = -f + 3, 2*t - 3 = f. Let m(l) = 3 + t*l**2 + 5 - 4 + 12*l. What are the prime factors of m(-6)?
2
Suppose 4*q - 489 = -2*u - 119, 5*u + 5*q - 915 = 0. Suppose 579 - u = 5*p - 4*t, -4*t = 4*p - 304. What are the prime factors of p?
2, 3, 13
Let t = -533 + 918. Suppose t = 5*i - 45. What are the prime factors of i?
2, 43
Let d(h) = h**2 - 1. Let u be d(4). Suppose -18*l = -14*l + 32. Let a = l + u. List the prime factors of a.
7
Suppose -3*c + 810 + 57 = 0. Suppose 0 = -f + 5*r + c, 0*f = -f - 2*r + 261. What are the prime factors of f?
269
Let m(i) = 57 - i**2 + 7*i - 31 - 31. Let o be m(5). Suppose -o*x + 11 = -59. What are the prime factors of x?
2, 7
Suppose 0 = -7*f + 12*f - 10. Suppose 0 = f*a + 10 - 60. Suppose 0*z = z - a. What are the prime factors of z?
5
Suppose 0 = -2*m + 2*s + 149 + 995, -5*m - 2*s + 2867 = 0. List the prime factors of m.
3, 191
Let j = 78 + -73. Suppose -j*x = 2*v + 21, -x - 15 + 0 = -5*v. List the prime factors of v.
2
Suppose 25*h - 3414 - 8436 = 0. What are the prime factors of h?
2, 3, 79
Suppose 4*f - 2344 = 2*x - 6*x, -16 = 4*f. List the prime factors of x.
2, 5, 59
Let q be (-15)/5*8/(-6). Suppose 102 = 7*u - q*u. Suppose 2*i - 7*t - u = -3*t, 2*i - 5*t - 32 = 0. List the prime factors of i.
3, 7
List the prime factors of (3 - (4 + 4))*(-7356)/20.
3, 613
List the prime factors of (-170)/(-51)*(3 + (-1566)/(-4)).
5, 263
Let b = -22 + 10. List the prime factors of ((-1)/(-1))/((-3)/b).
2
Let d = -227 - -705. What are the prime factors of d?
2, 239
Let g(z) = 38*z**3 + 2*z**2 - 2*z + 1. Let n be g(1). Suppose 6*s = -n + 237. List the prime factors of s.
3, 11
Let o(b) = -11*b + 141. List the prime factors of o(-28).
449
Let x(p) = -59*p + 3. Let h = -32 + 31. List the prime factors of x(h).
2, 31
Let l(m) be the first derivative of m**4/4 + 5*m**3/3 + 5*m**2/2 + 4*m + 5. Let w be l(-4). Suppose w = -5*c + 4 + 36. List the prime factors of c.
2
Let g(u) = u**3 + 18*u**2 + 4*u + 17. Let z(f) = -f**3 + f**2 - f. Let l(t) = g(t) + 2*z(t). List the prime factors of l(20).
3, 19
Let q(z) = -z - 8. Let c be -10*(0 + (-1 - -2)). Let i be q(c). Suppose 0 = 3*k + i*s - 56, -3*k - 4*s = -43 - 9. List the prime factors of k.
2, 5
Suppose -94*d = -48*d - 66010. List the prime factors of d.
5, 7, 41
Let r = 348 - 138. What are the prime factors of r?
2, 3, 5, 7
Let z = -2212 + 5748. List the prime factors of z.
2, 13, 17
Let x(n) be the first derivative of n**3/3 + n + 1. Let r be x(2). Suppose -104 = -4*f + 4*t, f - 11 = -r*t + 3. List the prime factors of f.
2, 3
Suppose 5*f - 10*a = -12*a + 2677, -2*f = -2*a - 1068. What are the prime factors of f?
5, 107
Suppose 96 = 5*g - 109. Let u = g - 22. What are the prime factors of u?
19
Suppose 0*x + 8 = -x. Let k be (-7)/((-98)/x)*-7. Suppose k*d = d + 21. What are the prime factors of d?
7
Suppose -6*k = -k - 65. Let t(c) = -c + 31. What are the prime factors of t(k)?
2, 3
Let h = -10 - -28. Let f(i) = -i**3 + 10*i**2 - 7*i - 9. Let g be f(8). List the prime factors of h/g + 346/14.
5
List the prime factors of -35*(-9 - (-1377)/(-63)).
2, 3, 5
Let h = 482 + -4. What are the prime factors of h?
2, 239
Suppose -12*y - 8 + 560 = 0. List the prime factors of y.
2, 23
Let b be 18 + -15 + 0 + -203. Let j = -18 - b. What are the prime factors of j?
2, 7, 13
Let h = 96 - 370. Let g = h - -461. What are the prime factors of g?
11, 17
Let b be (-5)/20 + (-111)/4. Let x = b + 70. Suppose -2*f = -150 + x. What are the prime factors of f?
2, 3
Suppose 3*u = 15, 16*r - 7*r = u + 48874. List the prime factors of r.
5431
Let k be 1/(3*(-3)/(-522)). Suppose -3*n = -0*n - 126. Suppose -5*a + k = -n. What are the prime factors of a?
2, 5
Let f(h) = h**3 + h**2 + 6*h + 565. What are the prime factors of f(0)?
5, 113
Let h(q) be the second derivative of -q**4/12 - q**3 + 9*q**2/2 - 3*q. Let i be h(-7). Suppose 79 = i*g + 19. List the prime factors of g.
2, 3, 5
Suppose 0*d + 3*d = 4*g + 10, 4*g - 4 = -4*d. Suppose -d = -2*z + 8. Suppose 116 = 2*i - 5*r, -r + 58 = i - z*r. What are the prime factors of i?
2, 29
Suppose -3*w - 18 = 3*w. What are the prime factors of (15/(-3))/(w - (-82)/28)?
2, 5, 7
Let z be 0*(-1)/3 + 3. Let q(a) = -a**3 + 3*a**3 + 14 - 8*a**2 - z*a**3 - 3. List the prime factors of q(-8).
11
Let q be -4 + 7 + 1 + 29. Let i be ((-6)/(-18))/(1/9). Suppose q = 5*k + i. What are the prime factors of k?
2, 3
Let m be (1 - 3 - 3/(-3))*-472. Suppose m = 3*b + 3*i - 233, 468 = 2*b + i. List the prime factors of b.
233
Let u(d) = -2*d**3 + 10*d**2 - 10*d - 7. Let x(n) = -10*n**3 + 49*n**2 - 49*n - 36. Let g(q) = -11*u(q) + 2*x(q). What are the prime factors of g(7)?
11, 17
Let g be 1/2 + (-9)/(-2). Let y be 1 + 2 + -5 + g. Let f(a) = a**3 + a + 5. List the prime factors of f(y).
5, 7
Let a(s) = -s**3 + 37*s**2 + 8*s + 179. List the prime factors of a(37).
5, 19
Suppose -3*i = -7*i + 320. List the prime factors of i.
2, 5
Let b(k) be the first derivative of k**3/3 + k**2/2 - 68*k - 3. Let u be b(0). Let x = u + 111. List the prime factors of x.
43
Let b = 1394 + -456. What are the prime factors of b?
2, 7, 67
Let o = -6599 + 9363. List the prime factors of o.
2, 691
Let q(u) = -8*u**2 + 3*u + 1. Let v be q(-4). Let i = v - -201. List the prime factors of i.
2, 31
List the prime factors of 76/(-57)*3/1 - -63.
59
Suppose 75 = c + 2*y, -c - 198 = -4*c + 3*y. Let i = 26 + c. List the prime factors of i.
5, 19
Let j be -2*(-4)/(24/57). Let u = -22 + j. List the prime factors of u/18*4*-21.
2, 7
Let k = 2417 + -1391. List the prime factors of k.
2, 3, 19
Let q(p) = -p - 10. Let w be q(-8). Let i = w + 17. What are the prime factors of i?
3, 5
List the prime factors of (-30)/4*(186/(-18) - 3).
2, 5
Let x(f) = -5*f**3 - 2*f**2 + 2. Let b be x(-1). Suppose b*s - 16 = 34. List the prime factors of s.
2, 5
Suppose 4*p - 1190 = -3*x, p + p - 3*x - 604 = 0. List the prime factors of p.
13, 23
Suppose -467 = -2*y + 1139. Suppose 0 = 3*n + 143 - y. List the prime factors of n.
2, 5, 11
Let x = 90 + -23. Let j = x + -6. List the prime factors of j.
61
Let s = -139 + 217. List the prime factors of s.
2, 3, 13
Let o(r) = 16*r + 8. Let f be o(9). Suppose 3*b + b = f. What are the prime factors of b?
2, 19
Suppose -2176*t - 2185 = -2181*t. What are the prime factors of t?
19, 23
Let l(j) = -j**3 - 3*j**2 + 2*j - 3. Let s be l(-3). Let o be 1 - -5 - 3 - 23. Let y = s - o. List the prime factors of y.
11
Let f(i) = i**2 - 30*i + 116. Let q be f(26). Suppose 2*j - 54 = 66. Suppose q*l = 8*l + j. What are the prime factors of l?
3, 5
Suppose -15*p + 38*p = 69. Suppose -876 = -p*o - 3*o. List the prime factors of o.
2, 73
Let f(n) = 0*n - n - 2*n + 1. Let h = -18 + 9. What are the prime factors of f(h)?
2, 7
Suppose -7*t - 8310 = -37*t. What are the prime factors of t?
277
Let s(l) be the first derivative of 7*l**5/120 - l**4/8 - 7*l**3/3 - 3. Let t(j) be the third derivative of s(j). List the prime factors of t(1).
2
Let n(q) be the first derivative of 7*q**3/3 - 9*q**2/2 - 18*q - 14. List the prime factors of n(-4).
2, 5, 13
List the prime factors of 2933 + (-15 - 110/(-11)).
2, 3, 61
What are the prime factors of 1064/(-6)*3/(-2)?
2, 7, 19
Let j(y) = y**3 - y**2 - 5*y -